 + (-1 - -1))*1/(-3). Let y(w) = 2*w - 6. Calculate y(h).
-6
Let w(g) = -2*g**2 - 5*g + 12. Suppose 4*y + 16 - 6 = 5*m, 0 = 4*m - 5*y + 1. Let l(d) = d**2 + 3*d - 6. Let p(k) = m*w(k) + 11*l(k). Determine p(6).
-12
Let g(p) = -3 - 1 + 6 + 6*p**2 - 4 + p**3. Let n = 15 + -21. Give g(n).
-2
Let a(c) = 3*c + 1. Let q(l) = l. Let w(j) = -a(j) - 2*q(j). Let d(h) = 9*h + 2. Let m(n) = 4*d(n) + 7*w(n). Determine m(5).
6
Let c be (-2)/(-20)*-6 - 39/(-15). Let b(p) = -p**2 + 3. Calculate b(c).
-1
Let h(r) be the third derivative of -r**4/8 - 3*r**3/2 + 35*r**2 - 2. Calculate h(-4).
3
Let z(n) = n + 6. Let r(c) = c - 9. Let x be r(-10). Let a = -23 - x. Let q be 0*(-4)/48*a. Determine z(q).
6
Let x(y) be the third derivative of -y**8/20160 + y**7/720 + y**6/120 + y**5/5 + 9*y**2. Let w(j) be the third derivative of x(j). Calculate w(8).
-2
Let i(b) = b**3 - 2*b**2 + 2*b - 9. Let f(a) = 3*a**2 - a + 1. Let y(s) = -3*f(s) - i(s). Let k be 2/(-11) + (-600)/88. Give y(k).
-1
Let k(h) = -1 - 6 - 5*h + 9 + 4*h. What is k(-5)?
7
Let v(o) = 50*o**2 + 14*o**2 + o - 63*o**2. What is v(3)?
12
Let w(a) = -12*a**2 - 8*a**2 - 69788*a + a**3 + 69766*a + 28. What is w(21)?
7
Let f(i) = -i**3 + 5*i**2 + 9*i + 3. Let z(q) = 2*q**3 - 10*q**2 - 18*q - 4. Let p(s) = 5*f(s) + 2*z(s). What is p(7)?
-28
Let i(q) = -1 - 5*q**2 - q + 7*q + 0 + 4*q**2. Suppose 51 = -4*g - v, v = -g - 4*g - 63. Let h be (27/(-6))/(g/16). Determine i(h).
-1
Let x(a) = -a**3 + 12*a**2 + 13*a + 3. Let h be x(13). Let b(o) = o**3 - 4*o**2 + 5*o - 2. Give b(h).
4
Let u(c) = 3*c**3 - 4*c**2 - 3*c + 1. Let k(m) = -149*m - m**2 + 75*m + 75*m - 1 - m**3. Let p(r) = -2*k(r) - u(r). What is p(6)?
7
Let g(p) = -8*p - 5. Let b(m) = 9*m + 6. Let t(h) = 4*b(h) + 5*g(h). Give t(1).
-5
Let x(p) = 4*p + 27. Let y(w) = w + 8. Let v(t) = 2*x(t) - 7*y(t). Determine v(7).
5
Let p(a) = 2*a**2 + 4*a + 2. Let g be p(-2). Suppose -3*k + 9 = 0, -4*k - 7 = g*o - k. Let z(x) = -2*x - 6. What is z(o)?
10
Suppose 0 = -3*q - 3*c + 6, -2*q - 5*c = -8 + 1. Let l(d) = 5*d - 11. Let b(n) = n - 1. Let g(j) = q*l(j) - 4*b(j). Calculate g(7).
0
Let c(v) = -v - 15. Let k(x) = x**3 - 9*x**2 + 4*x - 43. Let q be k(9). Give c(q).
-8
Let l = -3 - -5. Let p be ((-17)/l)/((-15)/30). Let f(m) = -2*m + p*m**3 + 6*m - 8*m**3 - 10*m**3. Give f(-3).
15
Let b(d) = 10*d - 6. Let k(t) = -2*t**3 - t**2 - 9. Let j be k(-2). Determine b(j).
24
Let o(m) = m**2 + 12*m + 9. Let k be o(-8). Let y = k - -20. Let d be (-29)/(-4) + y/12. Let i(c) = c - 3. Give i(d).
4
Let b(j) = 5*j**3 + 4*j**2 - 5*j + 5. Let a(s) = -6*s**3 - 4*s**2 + 5*s - 5. Let v(y) = 4*a(y) + 5*b(y). Calculate v(-5).
5
Let j(q) = 14 + 4*q - 18*q + 16*q. Determine j(-7).
0
Let a be 2 - -2 - (-32)/(-2). Let s be 74/a + (-3)/(-18). Let z(o) be the third derivative of o**5/60 + 5*o**4/24 - 5*o**3/6 - 11*o**2. What is z(s)?
1
Let r(i) = i**3 - 3*i**2 + 3*i - 1. Suppose -12 = 21*d - 25*d. What is r(d)?
8
Let r(s) = -7*s - 12. Let w be (-2 - 6) + (5 - 3). Give r(w).
30
Suppose 57*n - 82*n = 100. Let m(l) = 2*l**3 + 5*l**2 - l + 4. Calculate m(n).
-40
Let r(k) = -4*k**2 + k + 6*k**2 + 1 - 8*k. Let w(p) = -3*p**2 + 8*p - 1. Let j(d) = 4*r(d) + 3*w(d). Suppose 1121*l - 1123*l - 10 = 0. Give j(l).
-4
Let i(x) be the second derivative of 1/2*x**2 + 1/3*x**3 + 0 + 2*x. Calculate i(3).
7
Suppose 13*o + 89 = 11. Let y(w) = -w**2 - 4*w + 8. Calculate y(o).
-4
Suppose 24 = -2*f + 2*j, 0 = -2*f + 5*j - 33 + 9. Let k(d) = d**3 + 11*d**2 - 12*d + 3. Determine k(f).
3
Let c(r) be the second derivative of -r**6/120 + r**5/15 + r**4/12 + r**3/3 - r**2/2 + 5*r. Let h(d) be the first derivative of c(d). What is h(4)?
10
Let h(x) = x + 1. Let f(q) = -q**2 - 1. Let n be f(2). Let m be h(n). Let w(u) = -u - 1. Give w(m).
3
Let h = -68 + 77. Suppose -39 = -22*j + h*j. Let s(u) = 6*u - 2. Let v(q) = -4*q + 1. Let f(m) = -5*s(m) - 8*v(m). Calculate f(j).
8
Let r(q) = q. Let l be r(5). Let y = 9 - l. Suppose z - y*z - 12 = 0. Let t(j) = j**3 + 3*j**2 - 5*j - 2. What is t(z)?
2
Let w(u) be the first derivative of u**4/4 + 8*u**3/3 - 11*u**2/2 - 15*u - 151. Give w(-9).
3
Let i(s) be the first derivative of -s**4/4 - 2*s**3 + s**2 + 4*s - 1. Let k(j) = j**3 - 3*j**2 - 39*j + 71. Let n be k(7). Give i(n).
-8
Let c(g) = -43*g + 208. Let s be c(5). Let k(m) = -m - 2. Determine k(s).
5
Suppose 4*w + 2*l = 174, 5*w + 0*l = 3*l + 201. Let b(q) = w*q**3 - 2*q + 4*q + 9 - 43*q**3 - 6*q**2. Determine b(-6).
-3
Let h(y) = -5 - 8*y**2 - 3*y**2 - 3*y**2 + 13*y**2 + 0 + 7 + 6*y. Let v be (-1)/((-5)/(-6) - 1). Suppose -3*r + v*z - 2*z - 5 = 0, -r - z = -10. Calculate h(r).
7
Let t(d) = d - 6. Let i = 18 + -18. Let x be t(i). Let m(k) = -6*k + 10*k**3 + 1 + 5*k**2 + k - 9*k**3. Determine m(x).
-5
Let d(j) = j**3 + 4*j**2 + 2*j + 5. Suppose 2*o + 16 = -5*u + 6, 4*o = -4*u - 20. Calculate d(o).
-30
Let h = -1 + 11. Suppose h = 3*w - 5*w. Let g(q) = q**2 - 2*q + 5. Let o(l) = -4*l**2 + 5*l - 17. Let r(d) = -7*g(d) - 2*o(d). Give r(w).
4
Let v(f) be the first derivative of -f**3/3 + 3*f**2 + f + 37. Give v(5).
6
Suppose -i + 4*u + 12 = 0, 2*i - 8 - 4 = 5*u. Let s(w) = -2*w**2 - 4*w + 5. Determine s(i).
-11
Let z(j) = j**2 - 6*j + 2. Let w(f) = f**2 - 8*f + 11. Suppose -2*b - 21 = -5*b. Let k be w(b). Determine z(k).
-6
Let z(f) be the first derivative of 3*f**2/2 + 5*f + 95. Determine z(6).
23
Let i be (-12)/39*(15/(-2) - -1). Let t(p) = 4*p**3 + 0*p**3 - 2 - 2*p**3 - 2*p**2. Give t(i).
6
Suppose 0 = 3*p - 8*p + 2*c + 25, -22 = p + 5*c. Let g(w) = 7*w + p + 1 + 2*w**2 + 2 - w**2. Determine g(-6).
0
Let v(s) = -5*s + 12. Let y(l) = -14*l + 36. Let c(q) = 11*v(q) - 4*y(q). Let i be c(7). Let n(m) = m**2 + 3*m - 4. Calculate n(i).
6
Let c(j) = -7*j - 4. Let t be c(-4). Suppose i - 1 = 4*u - 4, t = 4*i - 4*u. Let n(m) = -10 + i*m + 7*m - 14*m. Calculate n(7).
4
Let j(w) = -w**3 + 2*w**2 + 3. Suppose -5*r + 2*k = -13, 7 = 5*r - 3*k - 5. Give j(r).
-6
Let m(y) = -y**3 - 2*y**2 + y - 1. Suppose -q + 2*d = 10, -5*d - 3 = q - 7. Suppose 0 = -2*h - 0*h + 12. Let n be (-22)/h + q/(-9). Calculate m(n).
5
Let n(l) be the first derivative of -9*l**2/2 + 11*l - 347. Give n(2).
-7
Let b(r) = -5*r**3 + 2*r**2 + 2*r + 20. Let s(o) = 3*o**3 - 2*o**2 - o - 11. Let p(u) = -4*b(u) - 7*s(u). Give p(5).
17
Let p(m) be the first derivative of 2 + 0*m + 1/24*m**4 - 3*m**2 - 1/6*m**3. Let d(o) be the second derivative of p(o). Give d(-4).
-5
Let d(h) = -h**3 - 21*h**2 - 3*h - 67. Let o be d(-21). Let a(g) = g**2 - g + 5. Calculate a(o).
25
Let w(r) be the first derivative of r**4/4 - 11*r**3/3 + 9*r**2/2 - 2*r + 546. Determine w(10).
-12
Let d(r) = r**3 + 5*r**2 + r - 2. Suppose -12 = 4*f - g, f - 2*g + 8 = -3*g. Calculate d(f).
10
Let h(q) be the second derivative of 0 - 2/5*q**5 + 1/3*q**3 + 1/2*q**2 + 0*q**4 + q. Let b = -55 + 54. Determine h(b).
7
Let p = -2 + 1. Let o(u) be the first derivative of 5*u**3/3 + u**2/2 + 2*u + 493. Let z be o(p). Let w(g) = g. Determine w(z).
6
Let x(r) = -37 - r + 60 - 23. What is x(1)?
-1
Let n(x) = 2*x**2 - 5*x + 4. Let a be 8/(-16) + (-1)/2. Let b(m) = 1. Let l(u) = a*n(u) + 5*b(u). Give l(4).
-11
Let p = -89 + 49. Let b = p - -46. Let i(v) = -v - 1. Calculate i(b).
-7
Suppose -3*i - 31 = 5*r, 3*r = -i + r - 12. Let o(p) = p + 1. Determine o(i).
-1
Suppose 6 = 7*h + 41. Let o be ((0/(-2))/(10/h))/(-2). Let d(p) = 7*p + 14. Let i(j) = -4*j - 7. Let r(l) = -3*d(l) - 5*i(l). Determine r(o).
-7
Suppose -45 = 7*y - 22*y. Let u(w) be the third derivative of 0*w + 1/8*w**4 + 1/120*w**6 + 4*w**2 + 0 - 5/6*w**y - 1/12*w**5. Determine u(5).
10
Let s(c) = -c**2 - 2*c - 7. Suppose 15*a = -8*a. Calculate s(a).
-7
Let u = -27 - -38. Suppose 2*h - 3 + u = 0. Let c(s) = -7*s**2 - 2*s + 7. Let a(l) = -6*l**2 - 2*l + 6. Let x(k) = 6*a(k) - 5*c(k). Give x(h).
-7
Suppose k = -5*p + 38, -5*p - 13 = -3*k - 39. Let z(o) = -4*o - 11. Let x(a) = -2*a - 4. Let b(l) = 9*x(l) - 4*z(l). Give b(p).
-6
Suppose 4*l = -r - 0*r + 61, 0 = -5*l + 2*r + 60. Suppose -12*a = -10*a + l. Let o(i) = i + 3. Determine o(a).
-4
Let r = -5 + 10. Let a be 19/5 - r/(-25). Let i(s) = -4*s + s + 2 + s**3 - 9 + a*s. Determine i(0).
-7
Let v(d) = -d**2 - d - 1. Let w be v(-1). Let s be 11/(-3) - w/(-3). Let r(z) = 2*z. Let m(a) = 5*a + 1. Let x(n) = -3*m(n) + 7*r(n). Give x(s)